
True
Let l = 2164 + -103. Let j = l - -442. Is j composite?
False
Let v(s) be the third derivative of 79*s**5/15 + 5*s**4/12 + s**3/6 - 130*s**2. Is v(1) a prime number?
False
Is (6 - 2)/(76/67428549*9) a prime number?
True
Suppose 155 = -8*o + 13*o. Let u be (3 - -3)/(7/(7/2)). Suppose 4*i = -l + 753, 141 + o = i - u*l. Is i composite?
True
Let l be 72446*((-88)/16 + 6). Suppose -18*y = -l - 10181. Is y composite?
True
Let r(v) = v**3 + 8*v**2 - 5*v - 33. Let m be r(-8). Is ((-7978)/6)/(m/42*-2) composite?
False
Suppose 3*s + 6 = 3*f, -4*f - 19 = -5*s - 29. Suppose 7*i + 1805 - 25528 = f. Is i a composite number?
False
Suppose 7*d = -r + 2*d - 5, 4*r = d + 1. Suppose 4*b - b - 15 = r. Suppose 1427 = b*u - 3*u + 5*j, 2*j - 10 = 0. Is u a composite number?
False
Is 8 + 609724/8 + (-9)/18 a prime number?
False
Suppose 5*f + 71744 + 22091 = 0. Let t be (-4)/30 + f/(-15). Let i = t - 554. Is i composite?
True
Suppose -t + 59156 = 3*s, 11*t - 236637 = 7*t + s. Is t prime?
True
Let m(g) = -77*g + 34. Suppose 96 = 2*d - 50. Let i = 68 - d. Is m(i) composite?
False
Let z(h) = -3*h**2 + 32*h + 10. Let j(i) be the first derivative of 2*i**3/3 - 8*i**2 - 5*i + 21. Let c(g) = 13*j(g) + 6*z(g). Is c(5) prime?
False
Let i(p) = 99*p**3 + 5*p**2 - 3*p - 15. Suppose -2*d + 10 = 3*r, 0 = 3*r + d + 3*d - 8. Is i(r) a composite number?
False
Let x = -359548 - -565206. Is x prime?
False
Let d be 2/2 + -6 + 4/2. Let y be ((3/2)/(-1))/(d/8). Suppose -2*i - y*n + 3029 = 843, -2*i = -2*n - 2204. Is i a composite number?
True
Let o = -258021 - -502648. Is o prime?
False
Suppose -3*s + 8*s = -35. Let x = -2 + s. Is ((-207)/6)/(x/12) a composite number?
True
Suppose -108*b + 568623 = -75*b. Is b a composite number?
False
Suppose 112*c = -391657 + 3896025. Is c composite?
True
Let i = 1569 + -730. Suppose 29 = 23*a - 86. Suppose a*s = 6*s - i. Is s a prime number?
True
Let q(d) = 596*d - 25. Let y(j) = 894*j - 37. Let s(b) = 8*q(b) - 5*y(b). Let l be s(15). Suppose 5*p + 5*u = l, 0 = 5*p - 3*u - 3504 - 967. Is p composite?
True
Suppose 432*s - 380*s - 24832028 = 0. Is s composite?
False
Let r be 36185 + (0 - 0/(-2)). Suppose -o = g - 7237, 0 = -3*g - 2*g + o + r. Is g prime?
True
Is (-12)/20*(12195480/36)/(-22) composite?
False
Let l(x) = -393*x**2 - x + 3. Let r be l(-5). Is r/(-2) + (-4)/(-4 - 4) composite?
False
Let b = 4449 - -7268. Is b prime?
True
Suppose -661207 = -3*y - 38*y. Is y a prime number?
True
Let g(b) = -b**2 + 9*b + 14. Let c be g(10). Suppose 3*z = -4*v + 2942, 2*z + c*v = -0*v + 1968. Is z a composite number?
True
Suppose 0 = v + 20 - 0. Let i be 0/(-3 + v/(-5)). Suppose i = 3*l - l + 2*a - 1266, 3*a = 5*l - 3149. Is l a prime number?
True
Let u(t) be the second derivative of 89*t**4/12 - 13*t**3/6 + 27*t**2/2 - t - 6. Is u(4) a composite number?
False
Is (-10)/(-185) + 25237135/185 a composite number?
False
Is ((-6202760)/(-100))/(-2 - (-48)/20) a composite number?
False
Suppose 510740 + 243195 = 35*u. Is u composite?
True
Suppose 256*q - 246*q - 143950 = 0. Is q a prime number?
False
Suppose 0*c + 2*c - 999 = 3*d, 3*c = -4*d + 1524. Suppose -s - 16 = -c. Suppose r - 1715 = s. Is r a prime number?
True
Suppose 81*s - 5488 = 65*s. Let j = 708 - s. Is j a prime number?
False
Suppose 277 = -2*o - 2*m - 395, -o - 2*m = 335. Suppose 219 = r + 965. Let c = o - r. Is c prime?
True
Is -13*115/(-299)*1/10*1572062 prime?
True
Let s be ((-2)/3)/((-4)/(-66)). Let w(k) = -k**2 - 9*k + 19. Let d be w(s). Is -4 + (959 + -3 - d) prime?
False
Let z(d) = 182*d**2 + 155*d + 5. Is z(18) composite?
True
Let y(r) = 874*r - 13. Let h = -147 - -155. Is y(h) prime?
False
Let m = 117 + -123. Is (-23407)/m + (-56)/336 a prime number?
False
Suppose 103*t - 6 = 102*t. Let m(f) = 228*f - 5. Is m(t) a composite number?
True
Suppose 4*m - 1286*u - 952316 = -1288*u, -4*u = 3*m - 714237. Is m prime?
True
Let o be (-7)/28 + -3*(-6682)/24. Let z = o - 456. Is z a composite number?
False
Suppose -2*s - v - 2449 = 227, -2*s = 4*v + 2676. Let o = -662 - -213. Let b = o - s. Is b prime?
False
Let h be 21/6 - 5/10. Suppose -h*s = -7779 + 606. Is s composite?
True
Suppose -5*r + 14*r + 45 = 0. Let h(t) = 382*t**2 + 5*t + 4. Is h(r) prime?
False
Let n(k) = k**2 - 14*k - 61. Let p be n(13). Is -4*20/32*p composite?
True
Let j(s) = -s**3 - 11*s**2 - 3*s - 30. Let w be j(-11). Suppose 17936 = w*p + k - 0*k, 1 = -k. Is p prime?
False
Is 588/1764 - -63509*26/6 - 7 composite?
True
Let r = 1287 - 2157. Let n = r + 1480. Let h = n + -425. Is h composite?
True
Let z be ((-18)/15)/((-3)/(-165)). Let m be -2 - 144/z - 13/11. Is (m - 2 - 2) + 403 prime?
False
Let o(v) = 36*v**2 + 767*v + 48. Is o(-125) a composite number?
False
Let y(r) = 4284*r - 1927. Is y(9) composite?
False
Let p = 7026 + -5215. Is p a composite number?
False
Suppose 13*m - 538601 + 23578 = -48*m. Is m a composite number?
False
Suppose -5*g = 2*k - 286988, 2*k = -4*g + 4*k + 229576. Suppose 9*h - g = 5*h. Suppose -2*p - p - 2*y = -h, 0 = 4*p - y - 19121. Is p a composite number?
True
Let y be -1 + 60/52 + (-85160)/65. Is (y/15)/(-2*(-4)/(-24)) prime?
False
Let l = 18 + 7. Let g = 29 - l. Suppose -g*x + 3*d + 568 = 0, x = -4*x + 2*d + 717. Is x composite?
True
Let v(o) = 1931*o**2 + 379*o + 5141. Is v(-15) a composite number?
False
Let w(g) = -85*g**3 + 4*g**2 - 10*g - 27. Is w(-8) prime?
False
Let h = -257627 + 371938. Is h a composite number?
False
Let i be ((-31)/5)/(346/(-5190)). Let s be (8/6)/((-2)/(-822)). Let d = i + s. Is d a composite number?
False
Let d = 1 + -1. Suppose 4*n = -d*n. Suppose 2*h + 3*h - 2335 = n. Is h composite?
False
Let b(m) = -3092*m**3 + 7*m**2 + 4*m. Let g be b(2). Let d = g + 38993. Is d a composite number?
False
Suppose 77474 = 2*p - 3*t - 146647, 0 = 3*p - t - 336206. Is p prime?
False
Let y = -17778 + 49735. Is y a composite number?
False
Suppose -19*n = -57 - 57. Let b(s) = -n*s + 9*s**2 + 2*s**3 - 4*s + 8*s**2 + 5 - 7*s**2. Is b(8) composite?
True
Let n be (77/(-14) - -7)/(6/20). Suppose n*t + w - 8917 = 0, -3*t = -6*t + w + 5347. Is t prime?
True
Let i be 2/4 + 0 + 48/96. Let b(l) = 659*l - 18. Is b(i) prime?
True
Let v(w) = 22*w**3 + 11*w**2 + 55*w - 1379. Is v(30) a composite number?
False
Let j(o) = 6667*o + 17. Let t be j(2). Suppose 0 = -7*v + t + 18688. Is v a prime number?
False
Let h(l) = -6*l**2 - 4*l - 15. Let a(j) = -j. Let q(p) = -4*a(p) - h(p). Is q(9) prime?
False
Let y(c) = -4899*c - 2917. Is y(-76) a composite number?
False
Let n be (54/12 - 6)*4/(-3). Suppose 4*g - 12 = n*u, -5*u = -0*u + 10. Is (-214)/(-4) + -2 + g/(-4) a prime number?
False
Let g(w) = -38536*w - 837. Is g(-20) a composite number?
True
Suppose -13973 = 54*a - 55*a. Suppose 5*j = n + 138848, -5*n = 5*j - a - 124857. Is j a composite number?
True
Let a be ((-3)/(-9) + -1)/(2/(-222)). Let u = -71 + a. Suppose -10*b + u*b = -26327. Is b composite?
False
Let d = -745776 + 1220773. Is d composite?
True
Suppose -149*o + 460 = -147*o. Let w = 1279 - o. Is w a prime number?
True
Suppose 3*d + 2*j = d + 10, j - 1 = 3*d. Let z = 165 - 159. Is (-6762)/(-4) + d/z*3 a prime number?
False
Suppose -23*t + t - 11005878 = -100*t. Is t composite?
False
Suppose 2*w - 10*l = -15*l + 1202306, -2*w + 1202246 = -5*l. Is w a prime number?
False
Suppose -b = 10*b + 33. Is (b - 2750/(-15))*(4 - 1) a composite number?
False
Let a(t) = -1 - 2 - 296*t - 2. Suppose -137 = 2*d - 133. Is a(d) a composite number?
False
Let t(x) = 4*x + 168. Let y be t(11). Suppose 4*l - 632 - y = 0. Is l prime?
True
Suppose -11*z - 8*z + 30951 = 0. Let o = z - 32. Is o prime?
True
Suppose -a - q + 201389 = 0, 0 = -5*a - q + 1079332 - 72387. Is a a composite number?
False
Suppose 5*i = 17217 + 17743. Suppose -20*w = -i - 29748. Is w composite?
True
Is 16*(-12946)/(-4) - -3 composite?
False
Let d(x) be the second derivative of -5489*x**3/6 - x**2/2 - 3*x - 10. Is d(-2) prime?
False
Let a(y) = y**2 + 22*y + 31. Let q be a(-22). Let f(b) = 3*b**3 - 2*b**3 - 2*b + q*b**2 - 32*b**2 + 0*b + 397. Is f(0) prime?
True
Let a = 949986 - 549223. Is a a composite number?
True
Let d be (-6)/(-39) - 444/(-156). Suppose 2 = -2*m, -3*m + 10268 = d*w - 40342. Is w composite?
False
Suppose 30*u - 272952 = -1151202. Let z = 45530 + u. Is z composite?
True
Let s = 34 - 2. Let j 